 - 9*a - 206, 480 = -5*i + 5*a. Suppose k - 3*k + 4*j = 120, 0 = -3*k + j - 170. Let n = k - i. What is the tens digit of n?
4
What is the units digit of (-144)/(-792) - -1*(-2075965)/(-55)?
5
Suppose -143*j = 330414 - 614655 - 784112. What is the hundreds digit of j?
4
Let s = 34323 + -13194. What is the hundreds digit of s?
1
Let u = 20 - 17. Let f be 2/1*(4 - u). Suppose -f*q + 43 = -139. What is the tens digit of q?
9
Suppose -u = -6*u + 15. Suppose 3*p - 3 = 0, o + 3*p - 5 = u*o. Let d(v) = 51*v**2 - 2*v - 1. What is the units digit of d(o)?
2
Let u = -4 + 7. Let p(c) = -c**2 - 8 + c - 8*c - u*c + 42. What is the tens digit of p(-11)?
2
Let f = 410 + 31. Suppose 440*o + 324 = f*o. What is the hundreds digit of o?
3
Let n(j) = -2*j**3 + 5*j**2 + 18*j + 10. Let b be n(-5). Let d = b + 60. What is the tens digit of d?
5
Let c be 4/2 - 5 - -48. Let n = c + -40. Suppose 0 = -n*b - 2*b + 840. What is the hundreds digit of b?
1
Let w(p) = -p**2 + 13*p - 17. Let f be w(10). Let h(v) = 4*v - v + f - v**3 + 21*v**2 + 22 - 4*v**2. What is the units digit of h(17)?
6
Suppose 47*o = -3564 + 25466. What is the tens digit of o?
6
Let p be 3/(-18) + 1*(-746)/(-12). Suppose p*n - 91*n + 40542 = 0. What is the thousands digit of n?
1
Let t = 39822 + -20904. What is the thousands digit of t?
8
Suppose -4919 = -11*h + 15574. Suppose -462 = -g - 5*l + 2*l, 0 = -4*g + 3*l + h. Suppose -2*n = -55 - g. What is the hundreds digit of n?
2
Let f = 2033 - 1213. Let g = f + -534. Suppose 5*p - g = 3*u, -3*p - 4*u + 31 = -158. What is the tens digit of p?
5
What is the hundreds digit of (4 + -9 + (-133)/(-28))*-41684?
4
Suppose 17*a = -4*r + 14*a + 4080, 4*a = -2*r + 2030. What is the units digit of r?
3
Let f = 11 - -31. Suppose 3*q + 2*p = 254, 38 + 40 = q + 4*p. Suppose -2*a = -q - f. What is the tens digit of a?
6
Let r(o) = -503*o**3 - 4*o**2 + 557*o + 2783. What is the thousands digit of r(-5)?
2
Let u = -1377 + 1967. Suppose 4378 + u = 27*h. What is the units digit of h?
4
Let v be 0*(-4)/2*15/(-30). Suppose 4*l + 33*g - 1680 = 28*g, v = 2*g - 8. What is the units digit of l?
5
Let d be -14 + -3*(-27)/9. Suppose 2*h + 80 + 58 = 4*u, -h - 3*u - 54 = 0. What is the tens digit of d + 2 - -1 - h?
6
Let b be (-2 + 1)*(-8)/24*12. Suppose 4*l + 74 = 66, 0 = -4*q + b*l + 1828. What is the hundreds digit of q?
4
Let a = -5418 - -7264. What is the thousands digit of a?
1
Let i = -1538 - -4134. What is the units digit of ((-112)/32 + 5)*i/3?
8
Let a be -1*-1*77 + (-14)/7. Suppose 13 = -x + 4*j + a, 20 = -4*j. Suppose 0 = -g + 5*t + x + 38, t + 72 = g. What is the units digit of g?
0
Let o = 342 + -198. Let w be (o/84)/(0 + 4/14). What is the tens digit of -14*(50/(-4) + (w - 2))?
1
Let z = -759 - -1478. Let x = z - -93. What is the hundreds digit of x?
8
Suppose -n + 731 + 2389 = 0. What is the thousands digit of n?
3
Let m(u) = 2*u + 6. Let k be m(-4). Let p be 2 + -5 + (6/2 - k). What is the hundreds digit of 127 - (1 + p + -3)/(-2)?
1
Let h = 22804 - 15555. Suppose 2*d + 9*d = h. What is the tens digit of d?
5
Suppose -3*o = -i + 2*o - 53, -3*o = -4*i - 178. Let h = i + 45. Suppose m + 256 = h*p - 2*m, -3*m = 3*p - 399. What is the units digit of p?
1
Suppose -5*q + 14*x = 12*x - 77777, -2*x - 108887 = -7*q. What is the thousands digit of q?
5
Let j = 33 - 31. Let z be ((-15)/(-6))/(1/j). Suppose z = -5*f, -3*g + 3*f + 723 = 2*g. What is the units digit of g?
4
Suppose 37*f - 40*f = -12. Suppose -4*u = -2*t - 2*t, -u + f*t + 9 = 0. What is the tens digit of -3 + ((-12)/u)/((-1)/(-11))?
4
What is the tens digit of (-3)/(-1 - -4)*(122 - 25098)?
7
Let b be -34 + 34 + 3*2. Let r(k) = 28*k + 87. What is the hundreds digit of r(b)?
2
Suppose 0 = -r - 6*r - 16*r. Suppose r = -8*z - 522 + 5002. What is the units digit of z?
0
Let q(n) = n**2 - 143*n - 684. What is the tens digit of q(-94)?
9
Let p = 35987 - 18809. What is the tens digit of p?
7
Let g(x) = 2 + 19*x + x**3 - 5 - 6 + 12*x**2 + 2 - 5. What is the units digit of g(-7)?
0
Let l = -4988 - -18312. What is the thousands digit of l?
3
Let u(i) = -i**3 + 14*i**2 + 39*i - 58. What is the tens digit of u(-19)?
1
Suppose 0*y = -y - 5. Let l(t) be the first derivative of -t**4/4 - 2*t**3/3 - t**2/2 + 6*t - 3. What is the tens digit of l(y)?
8
Let w(z) = -z**3 + 18*z**2 + 5*z - 21. Let k be (-46*1)/((-4)/16). Let y be 8/(-20) - k/(-10). What is the tens digit of w(y)?
6
Suppose m = -4*w + 1895, 5*m + 6 - 1 = 0. Suppose 8*u + 2*u = -0*u. Suppose u*x + 3*x = w. What is the units digit of x?
8
Suppose 0 = t - 2*t - 7. Let q = -18 - t. Let o(i) = -7*i - 19. What is the units digit of o(q)?
8
Let x(a) = a**3 + 11*a**2 + 11*a + 18. Let u be x(-5). Suppose 33 = -r + u. What is the units digit of r?
0
Let q(g) = -g**3 + 14*g**2 - 15*g - 1. Suppose 2*x - 4 = -i, 4*i - 2*x = 7*i - 24. Let s be q(i). Suppose 5*k - 8*k + s = 0. What is the tens digit of k?
8
Suppose 17*n + 31 = 82. Let o(p) = -2*p**3 + 7*p - 2*p**3 + 152*p**2 + n*p**3 - 154*p**2 - 19. What is the hundreds digit of o(-7)?
1
Suppose -6*r - 64*r + 822150 = 0. What is the tens digit of r?
4
Suppose 8*u + 90 = 114. Let g(s) = 5*s**3 + 6*s - 6. What is the tens digit of g(u)?
4
Let w(j) = 73*j - 516. Let p(y) = 18*y - 129. Let c(d) = 9*p(d) - 2*w(d). What is the tens digit of c(19)?
7
Let h(b) = -427*b - 1. Suppose 2*k - 3*k = 1. What is the units digit of h(k)?
6
Let u(a) = 3*a**2 + 2*a - 3. Let z be u(1). Suppose i = t - 4, 3*t + 8 = z*i - 4*i. Suppose t = -24*r + 19*r + 260. What is the units digit of r?
2
Suppose -3*f - l = -24401, 31*f - 35*f - 5*l = -32520. What is the hundreds digit of f?
1
What is the tens digit of ((-1610)/(-21))/(30/1935)?
4
Suppose -4*j + 322 = -3*q, 3*j + 2*q = 100 + 133. Let l = 514 + -466. Let v = j - l. What is the units digit of v?
1
Suppose -12572*k + 12539*k + 2131932 = 0. What is the thousands digit of k?
4
Let m(x) = 27*x**2 + x - 6. Suppose -4*h = -5*d - 8, 4*h - 5*d + 3*d = -4. Let q be m(h). Suppose 14*k = 11*k + q. What is the units digit of k?
8
Let a(d) = 60*d**2 - 4*d - 69. Let i be a(-7). Let m = i + -2007. What is the tens digit of m?
9
What is the units digit of 80/(-36) + 2 - (-2748656)/333?
4
Let q = -43307 - -76129. What is the hundreds digit of q?
8
Let a(n) = -n**3 - 49*n**2 - 794*n - 86. What is the ten thousands digit of a(-37)?
1
What is the units digit of (-9)/36*(-3)/(((-81)/565428)/(-9))?
9
Suppose 28 = 10*d - 24*d. What is the units digit of (d + -1)/((-6)/394)?
7
Let d(q) = -3*q**2 + 21*q + 5. Let t be d(7). Suppose -2*w = 3*z - 4114, -688 = z + t*w - 2081. What is the units digit of z?
8
Let p = -34 + 39. Suppose -p*m + 2385 = -65. What is the hundreds digit of m?
4
Suppose 0 = 6*p - 7 - 17. Let b be 2 + (-15)/(1 - p). Let o(k) = k**3 - 7*k**2 + 2*k - 7. What is the units digit of o(b)?
7
Let h(j) = -4*j**3 + 7*j**2 + 6*j + 12. Let v(l) = -3*l**3 + 8*l**2 + 7*l + 12. Let k(f) = -2*h(f) + 3*v(f). What is the tens digit of k(-7)?
8
Let v be (-2 + 0 + 0)/1. Let q(a) be the second derivative of -a**5/4 + a**4/12 - a**3/3 - a**2 - 402*a. What is the tens digit of q(v)?
4
Suppose 5*s - 14 = 2*h + 11, 0 = -5*s + 3*h + 20. What is the tens digit of (-20540)/(-35) + -1 + 1/s?
8
Let u(o) = 4 - 103*o**2 + 102*o**2 + 10 + 12*o - 4*o. Let v be u(8). Suppose 0 = -10*i + v*i - 372. What is the units digit of i?
3
Let w = -285 + 258. Let q(v) = 7 + v**3 + 38*v**2 - 15 - 12*v**2 - 12 - 28*v. What is the units digit of q(w)?
7
Let m be (-1)/(2 + 0) + 11/(-2). Suppose -14*g + 3*g - 66 = 0. What is the hundreds digit of (189/g + 5)*m?
1
Let u(f) = 5*f**2 - 8*f - 22. Let y be u(-4). Let w = -49 + y. What is the tens digit of w?
4
Let u be (-14)/((-154)/33) + 0 + 634. Suppose 0 = l - m - u, -l + 87 + 552 = m. What is the hundreds digit of l?
6
Let c(r) = 24*r + 5. Let f be c(-3). Let p = f + 60. What is the hundreds digit of 107/(-2)*(5 + p)?
1
Let y(o) = 33 + 3*o + 21 - 66. Let w be y(7). Suppose 0 = -3*v + w, -103 = -u - u + 3*v. What is the units digit of u?
6
Suppose -q = 2*r - 40045, -2*q = 5*r - 28005 - 72108. What is the thousands digit of r?
0
Suppose 0 = -w + 3*z + 15972, -w - 4*z + 6762 + 9231 = 0. Suppose w = 51*i - 55011. What is the tens digit of i?
9
Let j be 1/(-5)*((-170)/(-1))/(-2). Suppose 1856 = j*n - 983. What is 